 = -4*w + 7*w + 5 + 3*w - 4*w**2 - w**3. Let s(x) = -x - 9. Suppose -2*d = -4*y + 24, -2*y = -3*d - 0*y - 20. Let h be s(d). What is q(h)?
0
Suppose -2*m + 0 = 3*c - 18, -2*c = 5*m - 23. Let o be (18/c)/((-8)/(-16)). Suppose -o = 4*v - 1. Let x(a) = -a**3 + a**2 + 2*a + 3. Give x(v).
11
Let u(n) = -2 + 4 - 16*n**3 - 3 - 10*n**2 + 11*n**2. Give u(-1).
16
Let l be (9 - 1) + 3/(-1). Let j(d) = -l*d**2 - 2*d + 1 + 2*d + 0. Let o be j(-1). Let c(q) = q**3 + 3*q**2 - 3*q + 5. Determine c(o).
1
Suppose -2*u = -0 - 12. Let q(m) = m**2 - 6*m - 7. What is q(u)?
-7
Let a(s) = -2*s**2 - s + 1. Suppose q - 3*v = -q + 4, -4*q - 2*v - 24 = 0. Let u = 6 + q. Give a(u).
-9
Let l(y) = -y - 1. Suppose -2*g = -3*p + 3*g - 28, 2*p + 14 = g. What is l(p)?
5
Suppose 0 = z + 3*z + 2*i - 8, 2*z + 5*i = 12. Suppose -1 = -a + z. Let c(d) = d - 1. Calculate c(a).
1
Let n(t) = -t**2 - 3*t - 2. Suppose 2 = s - 2. Suppose 28 = -4*u + 4*q, -3*u = 2*u + s*q + 8. Determine n(u).
-6
Let q(z) = -3 + 3 - 1. Let d(o) = -3*o - 3. Suppose 3 = l + 2*l - y, -5*y = 0. Let x(s) = l*d(s) - 3*q(s). Give x(2).
-6
Let t(l) = -l**2 + 5*l - 2. Let z = 17 - 14. Suppose -z = -5*i + 17. Calculate t(i).
2
Let w(v) = -4*v**2 + 0*v**2 - 2 + 5*v + 3*v**2. Let s(d) = -2*d**2 + 9*d - 4. Let q(c) = -4*s(c) + 7*w(c). What is q(2)?
4
Let y(q) = q**3 + 11*q**2 - 10*q + 20. Let i be y(-12). Let k(p) = -p**2 - 5*p - 5. Determine k(i).
-1
Let n(j) be the second derivative of 11*j**3/6 + j. Let g(p) = -p**2 - 6*p - 4. Let r be g(-5). What is n(r)?
11
Let z(u) = -7*u**2 + u + 5. Let o(w) = 6*w**2 - w - 4. Let x(l) = 6*o(l) + 5*z(l). Let h(k) = 3*k**2 - 1. Let j be h(-1). What is x(j)?
3
Let f(i) = i**3 - 5*i**2 - 6*i - 6. Let a be 3 - (3 - 8) - 2. Give f(a).
-6
Let p = -45 - -51. Let j(x) = -x**3 + 6*x**2 + x - 8. Determine j(p).
-2
Let v = 13 - 9. Suppose -l + v*l = -6. Let s(k) = 3 + 2*k**2 + k**3 + k - 1 - 3. What is s(l)?
-3
Let z(n) = n + 8. Let f be z(-3). Suppose 2*p = -f*a + 26, -p + 22 = 4*a - 0*p. Let m(h) be the first derivative of h**2/2 - 4*h - 1. What is m(a)?
2
Let y(k) be the second derivative of k**5/60 + k**4/12 - 2*k**3/3 - k**2/2 + 2*k. Let l(v) be the first derivative of y(v). Give l(-4).
4
Let h(c) = -2*c + 2. Let s be -2 - 3 - 2/2. Let k be s/(-6) - (0 - 3). Calculate h(k).
-6
Let l(q) = q**3 + 6*q**2 + 3*q - 2. Suppose -4*v = -y - 1 + 22, 2*v = -2*y - 18. Let w be 92/(-20) + v/15. What is l(w)?
8
Let g(t) = 4*t + 1 - 8*t + 3*t. What is g(6)?
-5
Let b(l) be the second derivative of 3*l + 0 + l**3 + 1/12*l**4 + l**2. Calculate b(-4).
-6
Suppose -16 = -6*f + 2*f. Let n(o) = -o**3 + 17*o**2 + 4 - 1 - 12*o**2 - 5*o. Determine n(f).
-1
Suppose 15*a = 13*a + 16. Let q(s) = -1 + 5*s + s**3 - 2 - a*s**2 + s**2 - 5. Determine q(6).
-14
Suppose 4*o + 8 = o - 5*j, -2*j = 3*o + 5. Let w(x) = -2*x**2 + x + 1. Calculate w(o).
-2
Let r(o) = -o + 5. Let f be 16*((-6)/4 - -2). Let l be f/16*(-1 + 1). What is r(l)?
5
Let r(v) = 0 - 4*v + 5*v + 3. Suppose -2*t - 7 = -3*t + 3*g, 0 = 4*g + 4. Give r(t).
7
Suppose 5*a + 0*a = -15. Let o(u) be the second derivative of -3*u + 1/3*u**3 + 0 + 2*u**2. Give o(a).
-2
Let g(q) be the first derivative of -q**3/3 + 9*q**2/2 - 6*q - 2. Give g(6).
12
Let b(c) = -c**2 + c. Let d(u) be the first derivative of -u**3/3 + 3*u**2/2 + 4*u - 2. Let r be d(4). Determine b(r).
0
Let z(h) = -2*h + h**3 + 474 - 238 - h**2 - 238. Give z(3).
10
Let u = -4 + 6. Let z(s) = -2*s - u*s**2 + 3*s + 3*s**2. Let x(w) = w**3 + 9*w**2 + 3*w - 3. Let n(t) = -x(t) + 6*z(t). Calculate n(-2).
-7
Let s(c) be the third derivative of c**4/24 + 9*c**2. Determine s(-2).
-2
Suppose -3*r + r + 40 = 0. Let l be (-4)/(-10) - 8/r. Suppose 3*h - 8 + 23 = l. Let y(a) = a**3 + 4*a**2 - 6*a - 6. Determine y(h).
-1
Let g(m) = -2*m. Let r = -3 + 5. Let p be (-44)/8 + 3/r. Calculate g(p).
8
Let n be 5 - 9 - 2/(-2). Let j(o) = 3*o + 3. What is j(n)?
-6
Let t(d) be the third derivative of -d**5/15 + d**3/6 + 17*d**2. Give t(-2).
-15
Let a = -11 + 16. Suppose a*q + 1 = 26. Let y(f) = -f**2 + 3*f - 2. Give y(q).
-12
Let a(m) = -m**3 + 2*m**2 + 2*m - 1. Let x(b) = b + 6. Let y be x(-6). Let u be 5/((-10)/(-4)) - y. What is a(u)?
3
Let f(d) be the third derivative of -d**5/60 + d**4/12 + d**3/3 + 13*d**2. Give f(-2).
-6
Let n(g) = g**2 + 11*g + 15. Let r = 201 + -211. Give n(r).
5
Let p(n) = n. Let c be (-14)/2 - 4/(-2). Calculate p(c).
-5
Let b(d) = -d + 1. Suppose a - 1 = -7. Calculate b(a).
7
Let i = -2 - 1. Let z(g) = -2*g**2 - 4*g + 1. Give z(i).
-5
Let m be (-1 - (8 - 0)) + 3. Let q(r) = r**2 + 3*r**2 + 5 - 4*r - 5*r**2. What is q(m)?
-7
Let j(h) = -3*h + 17. Let g be j(6). Let v(t) be the third derivative of t**5/60 - t**4/24 - t**3/6 - 2*t**2. What is v(g)?
1
Suppose 3*l + 4*n + 2 = -2*l, 5*l - 5*n = 25. Let a(u) = -4*u + 2. Determine a(l).
-6
Let p(k) be the first derivative of -1/4*k**4 + 0*k - 1 - 2/3*k**3 + 1/20*k**5 + 1/120*k**6 - k**2. Let j(u) be the second derivative of p(u). What is j(-4)?
4
Let h(q) = 3*q**3 - 8*q**2 + 5*q - 17. Let x(l) = l**3 - 4*l**2 + 3*l - 8. Let z(v) = 2*h(v) - 5*x(v). Determine z(-5).
6
Let m(b) = -4*b - 6. Let y(s) = 5*s + 6. Let j(d) = -6*m(d) - 5*y(d). Calculate j(4).
2
Let c(i) = i**3 + i**2 + 1. Let q(r) = 3*r**3 + 4*r**2 - 4*r - 1. Let w(y) = 2*c(y) - q(y). Suppose 2 = -2*a - 4. Give w(a).
0
Let o(j) = 1 - j + 1 + j**3 + 2*j. Suppose 3*n + 2 + 4 = 0. Calculate o(n).
-8
Suppose -5 = 2*b + 3. Let l(a) = a - 2. Let q(y) = y - 1. Let f(t) = b*q(t) + 3*l(t). Determine f(4).
-6
Let z(l) = 2 - 1 - 5*l + 2 - 4. Give z(1).
-6
Let n(d) = -d**3 - 6*d**2 - 4*d - 2. Let f be n(-6). Suppose -5*x = -4*u - 7, 0 = -4*u - u - 4*x + f. Let g(m) = -2 - m**u - m + 3*m + 0. Give g(3).
-5
Suppose -9 - 1 = t + 2*n, -5*n - 22 = 2*t. Let s(f) = f**2 + 6*f + 3. Determine s(t).
3
Let b = 6 - 6. Let y = 7 + -4. Let s(t) = -2 + y + b + t**2 - 6*t. Calculate s(5).
-4
Let o = 4 + -5. Let b(r) = 8*r + 3*r - 3*r. Determine b(o).
-8
Let v(f) = -f**2. Let g(y) = -2*y**2 - 5*y + 11. Let m(i) = g(i) - 6*v(i). Let w(k) = 2*k**2 - 3*k + 5. Let o(l) = 2*m(l) - 5*w(l). Give o(3).
-6
Let y be (-4)/5*(-10)/4. Let q(x) = -y*x + x - 7 + 3 - 1. Determine q(0).
-5
Let k = 18 - 12. Let o(q) = -6*q**2 + 4. Let l(h) = 5*h**2 - h - 4. Let z(w) = -5*l(w) - 4*o(w). Calculate z(k).
-2
Let t(q) be the third derivative of q**5/60 - q**4/3 + q**3/3 + 9*q**2. Give t(8).
2
Let l be (-18)/27 - (-1)/(-3). Let w be 2/(0 + l)*34. Let b be w/16 + 1/4. Let r(n) = n**2 + 5*n + 2. Calculate r(b).
-2
Let m be 13/5 - ((-16)/(-10) + -2). Let p(j) = j**3 + 2*j**2 - 7*j. Let u(l) = -l**2 + l. Let q(f) = p(f) + 5*u(f). What is q(m)?
-6
Let y(s) = 2*s**2 - 3*s + 2. Let h be (18/12)/(3/4). Calculate y(h).
4
Let z(s) = 10*s**2 + 11*s + 15. Suppose 6*d = -48 + 6. Let t(v) = 3*v**2 + 4*v + 5. Let c(x) = d*t(x) + 2*z(x). Give c(-6).
-5
Suppose -2*f - 2*f - 5*i = -32, -5*i = -3*f - 11. Suppose 3 = -f*q + 15. Let m(y) be the first derivative of -y**2/2 + 7*y + 1. Determine m(q).
3
Let d(v) = -11*v**2 + 14*v - 1. Let q(x) = -6*x**2 + 7*x. Let o(u) = 4*d(u) - 7*q(u). Determine o(4).
-8
Suppose 0 = z + c - 4, 0 + 12 = z + 3*c. Let n(i) = -i**3 - i**2 - i + 4. What is n(z)?
4
Let s(c) = -4*c + 6*c + 8 - 3*c. Suppose 2*x - 4 - 8 = 0. What is s(x)?
2
Let s(h) = -h**2 + 8*h + 3. Suppose 2*m = -4*p + 12 + 12, -4*m + 57 = -p. Let z = m + -6. Let r be s(z). Let o(c) = -3*c. Determine o(r).
-9
Let d(r) = r**2 + 4*r + 1. Let y be d(-4). Let h(v) = 3*v**2 - v + 1. Determine h(y).
3
Let x(p) be the first derivative of -p**2/2 + p + 18. Calculate x(5).
-4
Let t(i) = 2*i - 1. Let m be 4/(3/((-12)/(-8))). Calculate t(m).
3
Let m(q) = -4*q**3 + 2*q**2 - 4*q - 2. Let o(x) = 3*x**3 - 3*x**2 + 3*x + 1. Suppose 4*w = w + 6. Let y(r) = w*m(r) + 3*o(r). What is y(4)?
-13
Suppose g + 7 = 2*g. Let h be -1*4/(8/14). Let k = g + h. Let o(w) = w + 3. Give o(k).
3
Let j(c) = -3*c + 402 + 5*c - 401. Suppose -3*z + 6 = 3*o - 18, -o = 2*z - 13. Give j(o).
7
Let a(h) be the first derivative of -7*h**2/2 - 4*h - 3. What is a(-3)?
17
Let g(x) = -6*x + 0*x - 4*x + 6 + 7*x. What is g(6)?
-12
Let u(p) = -p**3 - 4*p**2 + 6*p + 7. Let n be u(-5). Let h(w) = 2*w - 4*w + w**n + 3*w - 1 + 5*w. Calculate h(-5).
-6
Let l(o) = 6 + 4*o - 4 + 4 - 2. Let n be (-1 + -3)*(1 + 0). Give l(n).
-12
Let y